te?
True
Suppose 3*n - 515 = 2*y + 1844, 5*n = 4*y + 4723. Let v = y + 1736. Suppose 61 = 5*a - v. Is a composite?
True
Let k(d) = -d**3 - 2*d**2 + 3*d - 18. Let t be k(-4). Let r(c) = 433*c**2 - 7*c + 15. Is r(t) a composite number?
False
Let l(h) = -5*h**3 - h**2 + 2*h + 2. Let d be l(-1). Suppose 7 = d*z + 19, 4*t - 4*z = 28144. Is t a composite number?
True
Let p(q) = -5023*q - 402. Is p(-1) a composite number?
False
Suppose -6*y = 178 - 22. Let a(c) = 7*c**2 + 36*c + 69. Is a(y) composite?
True
Suppose 5*l - d = 127710 + 26977, -154675 = -5*l - 5*d. Is l a composite number?
False
Suppose 5*r - 4*r = -8*r + 3042729. Is r a prime number?
False
Let n = -2296 + 10797. Let z = n + -2520. Is z composite?
False
Let m(q) = 5569*q**2 - 101*q - 25. Is m(13) a prime number?
True
Suppose 3984 + 551 = -5*f. Is f/(5/5*-1) composite?
False
Let g(w) = -w**3 - 2*w**2 - 5242. Let l be g(0). Let x = l + 7951. Suppose y - 5*y = -3*s + x, -s + 2*y = -901. Is s a prime number?
True
Let i = -274536 + 397313. Is i a composite number?
False
Let b be (-2)/3 + -3166*88/48. Is 2*(-2 + b/(-6)) prime?
True
Let o be (-104)/(-16) - 3/2. Let m(d) = 553*d - 46. Is m(o) composite?
False
Suppose 0 = -5*n - 44 + 24, -4*w = 4*n - 198292. Is w a composite number?
True
Suppose 25958 = 10*g + 94978. Let s = 729 - g. Is s a prime number?
False
Let r(p) = 1853*p**3 - 9*p**2 - 31*p + 159. Is r(4) a prime number?
False
Suppose -38*z + 533611 = -34*z + 5*n, 400237 = 3*z - 2*n. Is z composite?
True
Let f(t) = t**2 + 14*t + 38. Let d be f(-10). Let o(z) = -3*z - z + 4*z + 64*z**2 + z. Is o(d) prime?
False
Suppose 3*w - 304781 = -10*z + 6*z, -z = -3*w - 76214. Is z composite?
True
Suppose 94*f - 11857767 = -3029193. Is f prime?
False
Suppose 2*k - 2194 = 2*n, 2*k - 2180 = -n - 4*n. Suppose -k + 3748 = 7*x. Is x prime?
True
Let b(n) = 167*n**2 + n + 3. Suppose -2*q + 4*g - 8 = 0, -9 + 3 = 3*q - 4*g. Is b(q) a composite number?
False
Suppose -671*k + 8031636 = -117973441. Is k prime?
True
Let d(k) = k**2 + 23*k + 62. Let b = -88 + 60. Is d(b) a prime number?
False
Let n = -3476 + 10960. Suppose 0 = -7*r + 10317 + n. Is r prime?
True
Suppose 7384392 = 340*j - 124*j. Is j a prime number?
False
Suppose -14*j - 11*j + 353425 = 0. Suppose 0 = -5*q + 5*z + 14140, -10*z = 5*q - 12*z - j. Is q composite?
True
Suppose 0 = 42*m - 13392393 - 11634525. Is m a prime number?
False
Let o be (4 - 0) + -3*4/(-3). Suppose 114628 = o*x + 8316. Is x a prime number?
False
Suppose 439*h + 3374299 = 501*h - 880575. Is h a composite number?
True
Let s(p) = 24808*p - 35. Is s(1) prime?
False
Let f = 162 - 159. Suppose -3*r - r + 7352 = 3*u, -r + f*u = -1823. Is r prime?
False
Suppose -o + 3*p + 1 = 7*p, -4 = -o - p. Suppose 4*u = -s + 915, 0*s - 5*u = o*s - 4650. Is (4 - 1)/(15/s) composite?
True
Let b(p) = p**3 - 6*p**2 + 8*p + 3. Let y be b(4). Suppose -5*l + y*l = -s + 470, 9 = -3*l. Let i = s + -243. Is i a prime number?
False
Is 414311/(1*(-6 + 1 - 12/(-2))) composite?
False
Let z(o) = 22*o + 28677. Let g be z(0). Let y = -16706 + g. Is y composite?
False
Let t(u) = -83*u**2 + 7*u - 25. Let o(y) = -164*y**2 + 15*y - 51. Let c(k) = 6*o(k) - 13*t(k). Is c(-4) a prime number?
True
Let o(z) = 1135*z**3 + 2*z**2 + z - 2. Let r be o(1). Let a = r + -231. Is a composite?
True
Let v(o) = 4*o + 35. Let g be v(-9). Let b(z) = 108*z**2 - z - 1. Let k be b(g). Suppose m = -u + k, -3*u - 10 = -u. Is m a composite number?
False
Let d be 2/(-4)*(9 - 55 - 12). Suppose 11*z + 196866 = d*z. Is z composite?
False
Is 21764 + 2 + ((-207)/(-115))/((-3)/(-5)) a prime number?
False
Suppose -37*i = 3*m - 34*i - 4224, -4223 = -3*m - 4*i. Is m prime?
True
Suppose 2*w - 13 - 19 = 0. Let m = w + -23. Is m + 4 + 1*422 composite?
False
Let d(y) = 2*y**2 + 38. Let b be d(0). Let l = -91 + b. Let j = 846 - l. Is j prime?
False
Suppose -6552 = -3*r - 5*d, 0 = 2*r - d - 1963 - 2418. Suppose 2*a - r = -3*k, 0*k - 3*k + a + 2204 = 0. Is k composite?
False
Is 4/(-26) + (-38199663)/(-221) composite?
False
Is (-4)/(23/(361287519/(-68))) a composite number?
True
Let s = 7477 - -13884. Is s a prime number?
False
Let o be (2/4 - 3)*8/(-5). Suppose o*u - 720 = 2*d, -d - 3*d = -3*u + 545. Is u composite?
False
Let i(s) = 4 - 13 - 20*s**2 - 1 - s**3 - 3 - 7*s. Is i(-24) a prime number?
True
Let c = 3887 - -1409. Suppose -2*p = y - 8651, y = 3*p - 7688 - c. Is p prime?
True
Let f(x) = -10*x + 30321. Let h be f(0). Is h/33 + 6/33 composite?
False
Let b(g) = -6*g**2 + 53*g. Let a(n) = 34*n**2 - 264*n - 1. Let l(u) = -2*a(u) - 11*b(u). Is l(-25) composite?
False
Let m = 46 + 158. Suppose 10*y - 2044 = -m. Suppose -4*k - 276 = -4*p, -y = -4*p - 3*k + 92. Is p composite?
True
Suppose 0 = 12*a + 48299 - 481895. Is a a composite number?
True
Let z = 296 + -289. Suppose -24*q = -z*q - 247945. Is q a composite number?
True
Let m be 335 + 2 + 5*(-1 - 0). Let b be (343/28)/((-2)/24). Let q = m + b. Is q a composite number?
True
Suppose -5*k - y + 3003179 = 0, 2*k - 755727 = -y + 445541. Is k a prime number?
False
Suppose 4*q + 1006686 = 10*d - 8*d, -2013375 = -4*d + 5*q. Is d a composite number?
True
Let b(z) be the second derivative of z**4/3 + 7*z**3/3 + 89*z**2/2 - z + 53. Is b(13) composite?
False
Suppose 4*g = -4*j - 40740, -j = -0*j - 2*g + 10194. Let v = -7223 - j. Is v composite?
True
Let k be (-2)/(2 + (-16)/4). Let f be ((-2986)/(-8))/(k*2/16). Suppose -5*o - f + 13621 = 0. Is o a composite number?
True
Suppose -90*m - 27790 = -174*m + 49*m. Is m a prime number?
False
Let r(s) = -s**3 - 6*s**2 - 2*s + 7. Let h be r(8). Let z be h - (-5)/(-10)*-6. Let m = -499 - z. Is m a prime number?
False
Let n(p) = 5*p**3 - 3*p**2 + 2*p. Let s be n(1). Suppose -3160 = -4*c + s*b, -13*c = -18*c - 4*b + 3923. Is c a composite number?
False
Suppose -6*s = 5*h - 133293, -s + 29827 = -3*h + 7623. Is s a composite number?
True
Let r be (365 + -34)/(1/12). Let a = -2461 + r. Is a prime?
True
Let l(w) = -272*w**3 - 166*w**2 + 3 + 27*w**3 + 3*w + 164*w**2. Let o be (-24)/10 + 12/30. Is l(o) a composite number?
False
Suppose 10*w - 14146 = 53184. Is w a composite number?
False
Let q(y) = 2*y**3 - 54*y**2 - 21*y + 24. Is q(37) prime?
True
Let a(s) = s**3 + 64*s**2 + 96*s + 206. Is a(-36) composite?
True
Let w(c) = -544*c + 66. Let v be w(19). Let l = v - -19225. Suppose 1270 = -5*f + l. Is f a prime number?
False
Let o(v) = 399*v - 4. Let x be o(1). Let t = 1534 - x. Is t a prime number?
False
Let t be 6/8*(-368)/(-69). Suppose 5*m - 10257 = -2*i, -4*m + t*i + 9291 = 1063. Is m composite?
False
Suppose 0 = 3*n - 2064 - 2466. Let v = -969 + n. Let z = v + -290. Is z a composite number?
False
Suppose -114*t - 79*t = -158*t - 16478665. Is t composite?
False
Suppose -5*o = 4*x - 521527, 17*x - 2*o + 391133 = 20*x. Is x prime?
False
Suppose 0 = z - 3*n - 0*n - 7, -2*n + 2 = 0. Let k be ((-44)/10 - -4) + (-1266)/z. Let t = k - -584. Is t composite?
False
Suppose -25*z - 1000 = -27*z. Suppose 2*j = 2*q - 17324, -3*j + z = q - 8166. Is q prime?
True
Let l(h) = -3*h - 27. Let p be l(-13). Suppose -23323 + 60559 = p*s. Is s composite?
True
Suppose k = a - k - 50, 2*a = -3*k + 107. Let t = a + -48. Suppose -2*r + 3282 = 4*b - 0*r, 4*b + t*r - 3292 = 0. Is b composite?
True
Let y be 663/6 - (-1)/(-2). Suppose -4*u - v - 21 = 0, -u + 2*u + 1 = 4*v. Is (-1)/u + 11/(y/5708) composite?
False
Let i(q) = 12*q**2 - q + 6. Let z be i(2). Let b = z - 48. Is (b/(-6))/(10/(-44445)) a composite number?
False
Let y(s) = -5861*s**3 + 254*s**2 + 10*s + 19. Is y(-4) composite?
False
Let d be 2/(-20) - (-403)/(-130)*-671. Suppose -2*s = -1234 - d. Is s a composite number?
False
Let s = -4390 - -7221. Is s a prime number?
False
Suppose 3*m + 6*t - 2*t - 16 = 0, -2*m = 5*t - 20. Suppose m = -3*j + 74 + 25. Suppose j = -0*y + y. Is y prime?
False
Let l = 394479 + -171836. Is l a prime number?
True
Let s(u) = 19 + u**3 + 0*u**3 - 7*u - 30*u**2 + 18*u**2 - 2*u. Let v(k) = 5*k - 47. Let r be v(12). Is s(r) a composite number?
False
Suppose -33*c = 11*w - 28*c - 933057, c = 5*w - 424143. Is w a prime number?
True
Let f(g) be the first derivative of -1885*g**3/3 - g**2/2 - g + 36. Let b be f(-1). Let q = -1223 - b. Is q a composite number?
True
Suppose 2*o + 5*f + 39368 = 4*f, -5*f + 39356 = -2*o. Let y = 14186